{"id":45,"date":"2025-12-25T16:00:50","date_gmt":"2025-12-25T16:00:50","guid":{"rendered":"https:\/\/equipo.concepto.com.ec\/index.php\/register\/"},"modified":"2026-01-07T01:34:29","modified_gmt":"2026-01-07T01:34:29","slug":"register","status":"publish","type":"page","link":"https:\/\/equipo.concepto.com.ec\/index.php\/register\/","title":{"rendered":"Registrarse"},"content":{"rendered":"<div class=\"wppb-block-container\">        <form enctype=\"multipart\/form-data\" method=\"post\" id=\"wppb-register-user\" class=\"wppb-user-forms wppb-register-user wppb-user-logged-out\" action=\"https:\/\/equipo.concepto.com.ec\/index.php\/wp-json\/wp\/v2\/pages\/45\">\n\t\t\t<ul><li class=\"wppb-form-field wppb-default-name-heading\" id=\"wppb-form-element-1\"><h4>Nombre<\/h4><span class=\"wppb-description-delimiter \"><\/span><\/li><li class=\"wppb-form-field wppb-default-username\" id=\"wppb-form-element-2\">\n\t\t\t<label for=\"username\">Usuario<span class=\"wppb-required\" title=\"Campo requerido\">*<\/span><\/label>\n\t\t\t<input class=\"text-input default_field_username \" name=\"username\" maxlength=\"70\" type=\"text\" id=\"username\" value=\"\"  \/><\/li><li class=\"wppb-form-field wppb-default-first-name\" id=\"wppb-form-element-3\">\n\t\t\t<label for=\"first_name\">Primer Nombre<span class=\"wppb-required\" title=\"Campo requerido\">*<\/span><\/label>\n\t\t\t<input class=\"text-input default_field_firstname \" name=\"first_name\" maxlength=\"70\" type=\"text\" id=\"first_name\" value=\"\"  \/><\/li><li class=\"wppb-form-field wppb-default-last-name\" id=\"wppb-form-element-4\">\n\t\t\t<label for=\"last_name\">Apellido<span class=\"wppb-required\" title=\"Campo requerido\">*<\/span><\/label>\n\t\t\t<input class=\"text-input default_field_lastname \" name=\"last_name\" maxlength=\"70\" type=\"text\" id=\"last_name\" value=\"\" \/><\/li><li class=\"wppb-form-field wppb-avatar\" id=\"wppb-form-element-14\"><label for=\"foto_perfil\">Foto de perfil<\/label><input type=\"file\" id=\"upload_foto_perfil_button\" class=\"wppb_simple_upload\" name=\"simple_upload_foto_perfil\"><p id=\"p_simple_upload_foto_perfil\"><\/p><input id=\"allowed_extensions_simple_upload_foto_perfil\" type=\"hidden\" size=\"36\" name=\"allowed_extensions_simple_upload_foto_perfil\" value=\"jpg,jpeg,gif,png\"\/><input id=\"foto_perfil\" type=\"hidden\" size=\"36\" name=\"foto_perfil\" value=\"\"\/><\/li><li class=\"wppb-form-field wppb-default-contact-info-heading\" id=\"wppb-form-element-7\"><h4>Informaci\u00f3n de Contacto<\/h4><span class=\"wppb-description-delimiter \"><\/span><\/li><li class=\"wppb-form-field wppb-default-e-mail\" id=\"wppb-form-element-8\">\n\t\t\t<label for=\"email\">E-mail<span class=\"wppb-required\" title=\"Campo requerido\">*<\/span><\/label>\n\t\t\t<input class=\"text-input default_field_email \" name=\"email\" maxlength=\"70\" type=\"email\" id=\"email\" value=\"\"   \/><\/li><li class=\"wppb-form-field wppb-default-website\" id=\"wppb-form-element-9\">\n\t\t\t<label for=\"website\">P\u00e1gina Web<\/label>\n\t\t\t<input class=\"text-input default_field_website \" name=\"website\" maxlength=\"70\" type=\"text\" id=\"website\" value=\"\" \/><\/li><li class=\"wppb-form-field wppb-default-about-yourself-heading\" id=\"wppb-form-element-10\"><h4>Sobre ti<\/h4><span class=\"wppb-description-delimiter \"><\/span><\/li><li class=\"wppb-form-field wppb-default-biographical-info\" id=\"wppb-form-element-11\">\n\t\t\t<label for=\"description\">Biograf\u00eda<\/label>\n\t\t\t<textarea rows=\"5\" name=\"description\" maxlength=\"\" class=\"default_field_description \" id=\"description\" wrap=\"virtual\" ><\/textarea><\/li><li class=\"wppb-form-field wppb-default-password\" id=\"wppb-form-element-12\">\n\t\t\t<label for=\"passw1\">Contrase\u00f1a<span class=\"wppb-required\" title=\"Campo requerido\">*<\/span><\/label>\n            <span class=\"wppb-password-field-container\">\n\t\t\t    <input class=\"text-input \" name=\"passw1\" maxlength=\"70\" type=\"password\" id=\"passw1\" value=\"\" autocomplete=\"off\" \/>\n\t\t\t     <!-- add the HTML for the visibility toggle -->\n\t\t\t<\/span><span class=\"wppb-description-delimiter\">M\u00ednimo de 8 caracteres.  <br>La contrase\u00f1a tiene que tener una fortaleza m\u00ednima de Media<\/span><span id=\"pass-strength-result\">Indicador de Fortaleza<\/span>\n        <input type=\"hidden\" value=\"\" name=\"wppb_password_strength\" id=\"wppb_password_strength\"\/><\/li><li class=\"wppb-form-field wppb-default-repeat-password\" id=\"wppb-form-element-13\">\n\t\t\t<label for=\"passw2\">Repetir contrase\u00f1a<span class=\"wppb-required\" title=\"Campo requerido\">*<\/span><\/label>\n\t\t\t<span class=\"wppb-password-field-container\">\n\t\t\t    <input class=\"text-input \" name=\"passw2\" maxlength=\"70\" type=\"password\" id=\"passw2\" value=\"\" autocomplete=\"off\" \/>\n\t\t\t     <!-- add the HTML for the visibility toggle -->\n\t\t\t<\/span><\/li><\/ul><ul><li class=\"wppb-form-field wppb-send-credentials-checkbox\"><label for=\"send_credentials_via_email\"><input id=\"send_credentials_via_email\" type=\"checkbox\" name=\"send_credentials_via_email\" value=\"sending\"\/>Enviar estas credenciales via email.<\/label><\/li><\/ul>\t\t\t<p class=\"form-submit\"  >\n\t\t\t\t                \t\t\t\t<input name=\"register\" type=\"submit\" id=\"register\" class=\"submit button\" value=\"Registrar\" \/>\n                <input name=\"redirect_to\" type=\"hidden\" value=\"\" \/>\n                \t\t\t\t<input name=\"action\" type=\"hidden\" id=\"action\" value=\"register\" \/>\n\t\t\t\t<input name=\"form_name\" type=\"hidden\" id=\"form_name\" value=\"unspecified\" \/>\n\t\t\t\t<input name=\"form_id\" type=\"hidden\" id=\"form_id\" value=\"\" \/>\n\t\t\t\t\t\t\t<\/p><!-- .form-submit -->\n\t\t\t<input type=\"hidden\" id=\"register_unspecified_nonce_field\" name=\"register_unspecified_nonce_field\" value=\"2a1b39dafa\" \/><input type=\"hidden\" name=\"_wp_http_referer\" value=\"\/index.php\/wp-json\/wp\/v2\/pages\/45\" \/>\t\t<\/form>\n\t\t<\/div>","protected":false},"excerpt":{"rendered":"","protected":false},"author":1,"featured_media":0,"parent":0,"menu_order":0,"comment_status":"closed","ping_status":"closed","template":"","meta":{"footnotes":""},"class_list":["post-45","page","type-page","status-publish"],"yoast_head":"<!-- This site is optimized with the Yoast SEO plugin v26.9 - https:\/\/yoast.com\/product\/yoast-seo-wordpress\/ -->\n<title>Registrarse - Portal de Equipo | Concepto<\/title>\n<meta name=\"robots\" content=\"noindex, nofollow\" \/>\n<meta property=\"og:locale\" content=\"es_ES\" \/>\n<meta property=\"og:type\" content=\"article\" \/>\n<meta property=\"og:title\" content=\"Registrarse - Portal de Equipo | Concepto\" \/>\n<meta property=\"og:url\" content=\"https:\/\/equipo.concepto.com.ec\/index.php\/register\/\" \/>\n<meta property=\"og:site_name\" content=\"Portal de Equipo | Concepto\" \/>\n<meta property=\"article:modified_time\" content=\"2026-01-07T01:34:29+00:00\" \/>\n<meta name=\"twitter:card\" content=\"summary_large_image\" \/>\n<script type=\"application\/ld+json\" class=\"yoast-schema-graph\">{\"@context\":\"https:\/\/schema.org\",\"@graph\":[{\"@type\":\"WebPage\",\"@id\":\"https:\/\/equipo.concepto.com.ec\/index.php\/register\/\",\"url\":\"https:\/\/equipo.concepto.com.ec\/index.php\/register\/\",\"name\":\"Registrarse - Portal de Equipo | Concepto\",\"isPartOf\":{\"@id\":\"https:\/\/equipo.concepto.com.ec\/#website\"},\"datePublished\":\"2025-12-25T16:00:50+00:00\",\"dateModified\":\"2026-01-07T01:34:29+00:00\",\"breadcrumb\":{\"@id\":\"https:\/\/equipo.concepto.com.ec\/index.php\/register\/#breadcrumb\"},\"inLanguage\":\"es\",\"potentialAction\":[{\"@type\":\"ReadAction\",\"target\":[\"https:\/\/equipo.concepto.com.ec\/index.php\/register\/\"]}]},{\"@type\":\"BreadcrumbList\",\"@id\":\"https:\/\/equipo.concepto.com.ec\/index.php\/register\/#breadcrumb\",\"itemListElement\":[{\"@type\":\"ListItem\",\"position\":1,\"name\":\"Portada\",\"item\":\"https:\/\/equipo.concepto.com.ec\/\"},{\"@type\":\"ListItem\",\"position\":2,\"name\":\"Registrarse\"}]},{\"@type\":\"WebSite\",\"@id\":\"https:\/\/equipo.concepto.com.ec\/#website\",\"url\":\"https:\/\/equipo.concepto.com.ec\/\",\"name\":\"Portal de Equipo | Concepto\",\"description\":\"\",\"publisher\":{\"@id\":\"https:\/\/equipo.concepto.com.ec\/#organization\"},\"potentialAction\":[{\"@type\":\"SearchAction\",\"target\":{\"@type\":\"EntryPoint\",\"urlTemplate\":\"https:\/\/equipo.concepto.com.ec\/?s={search_term_string}\"},\"query-input\":{\"@type\":\"PropertyValueSpecification\",\"valueRequired\":true,\"valueName\":\"search_term_string\"}}],\"inLanguage\":\"es\"},{\"@type\":\"Organization\",\"@id\":\"https:\/\/equipo.concepto.com.ec\/#organization\",\"name\":\"Portal de Equipo | Concepto\",\"url\":\"https:\/\/equipo.concepto.com.ec\/\",\"logo\":{\"@type\":\"ImageObject\",\"inLanguage\":\"es\",\"@id\":\"https:\/\/equipo.concepto.com.ec\/#\/schema\/logo\/image\/\",\"url\":\"https:\/\/equipo.concepto.com.ec\/wp-content\/uploads\/2025\/12\/cropped-Icono.webp\",\"contentUrl\":\"https:\/\/equipo.concepto.com.ec\/wp-content\/uploads\/2025\/12\/cropped-Icono.webp\",\"width\":527,\"height\":309,\"caption\":\"Portal de Equipo | Concepto\"},\"image\":{\"@id\":\"https:\/\/equipo.concepto.com.ec\/#\/schema\/logo\/image\/\"}}]}<\/script>\n<!-- \/ Yoast SEO plugin. -->","yoast_head_json":{"title":"Registrarse - Portal de Equipo | Concepto","robots":{"index":"noindex","follow":"nofollow"},"og_locale":"es_ES","og_type":"article","og_title":"Registrarse - Portal de Equipo | Concepto","og_url":"https:\/\/equipo.concepto.com.ec\/index.php\/register\/","og_site_name":"Portal de Equipo | Concepto","article_modified_time":"2026-01-07T01:34:29+00:00","twitter_card":"summary_large_image","schema":{"@context":"https:\/\/schema.org","@graph":[{"@type":"WebPage","@id":"https:\/\/equipo.concepto.com.ec\/index.php\/register\/","url":"https:\/\/equipo.concepto.com.ec\/index.php\/register\/","name":"Registrarse - Portal de Equipo | Concepto","isPartOf":{"@id":"https:\/\/equipo.concepto.com.ec\/#website"},"datePublished":"2025-12-25T16:00:50+00:00","dateModified":"2026-01-07T01:34:29+00:00","breadcrumb":{"@id":"https:\/\/equipo.concepto.com.ec\/index.php\/register\/#breadcrumb"},"inLanguage":"es","potentialAction":[{"@type":"ReadAction","target":["https:\/\/equipo.concepto.com.ec\/index.php\/register\/"]}]},{"@type":"BreadcrumbList","@id":"https:\/\/equipo.concepto.com.ec\/index.php\/register\/#breadcrumb","itemListElement":[{"@type":"ListItem","position":1,"name":"Portada","item":"https:\/\/equipo.concepto.com.ec\/"},{"@type":"ListItem","position":2,"name":"Registrarse"}]},{"@type":"WebSite","@id":"https:\/\/equipo.concepto.com.ec\/#website","url":"https:\/\/equipo.concepto.com.ec\/","name":"Portal de Equipo | Concepto","description":"","publisher":{"@id":"https:\/\/equipo.concepto.com.ec\/#organization"},"potentialAction":[{"@type":"SearchAction","target":{"@type":"EntryPoint","urlTemplate":"https:\/\/equipo.concepto.com.ec\/?s={search_term_string}"},"query-input":{"@type":"PropertyValueSpecification","valueRequired":true,"valueName":"search_term_string"}}],"inLanguage":"es"},{"@type":"Organization","@id":"https:\/\/equipo.concepto.com.ec\/#organization","name":"Portal de Equipo | Concepto","url":"https:\/\/equipo.concepto.com.ec\/","logo":{"@type":"ImageObject","inLanguage":"es","@id":"https:\/\/equipo.concepto.com.ec\/#\/schema\/logo\/image\/","url":"https:\/\/equipo.concepto.com.ec\/wp-content\/uploads\/2025\/12\/cropped-Icono.webp","contentUrl":"https:\/\/equipo.concepto.com.ec\/wp-content\/uploads\/2025\/12\/cropped-Icono.webp","width":527,"height":309,"caption":"Portal de Equipo | Concepto"},"image":{"@id":"https:\/\/equipo.concepto.com.ec\/#\/schema\/logo\/image\/"}}]}},"_links":{"self":[{"href":"https:\/\/equipo.concepto.com.ec\/index.php\/wp-json\/wp\/v2\/pages\/45","targetHints":{"allow":["GET"]}}],"collection":[{"href":"https:\/\/equipo.concepto.com.ec\/index.php\/wp-json\/wp\/v2\/pages"}],"about":[{"href":"https:\/\/equipo.concepto.com.ec\/index.php\/wp-json\/wp\/v2\/types\/page"}],"author":[{"embeddable":true,"href":"https:\/\/equipo.concepto.com.ec\/index.php\/wp-json\/wp\/v2\/users\/1"}],"replies":[{"embeddable":true,"href":"https:\/\/equipo.concepto.com.ec\/index.php\/wp-json\/wp\/v2\/comments?post=45"}],"version-history":[{"count":2,"href":"https:\/\/equipo.concepto.com.ec\/index.php\/wp-json\/wp\/v2\/pages\/45\/revisions"}],"predecessor-version":[{"id":917,"href":"https:\/\/equipo.concepto.com.ec\/index.php\/wp-json\/wp\/v2\/pages\/45\/revisions\/917"}],"wp:attachment":[{"href":"https:\/\/equipo.concepto.com.ec\/index.php\/wp-json\/wp\/v2\/media?parent=45"}],"curies":[{"name":"wp","href":"https:\/\/api.w.org\/{rel}","templated":true}]}}